ivided by m?
0
Let g(f) = -f**3 + 11*f**2 - 5*f + 11. Let t be g(10). Let y be 1/(-3) - (-236)/6. Let m = t - y. Calculate the remainder when 62 is divided by m.
18
Suppose 0 = s + w - 13, 3*s + 17*w = 19*w + 54. Let u = 79 - 150. Let l = 133 + u. Calculate the remainder when l is divided by s.
14
Let j be (-5)/((-25)/678) - (-6)/15. Calculate the remainder when ((-18)/6)/((-6)/j) is divided by 35.
33
Suppose -5 = -5*m, 2*m + 47 = 5*n - m. What is the remainder when 13 is divided by n/1*(-4)/(-8)?
3
Calculate the remainder when 54 is divided by (-7)/((-140)/(-8)) - 174/(-10).
3
Suppose 0 = -11*g + 772 + 1186. Calculate the remainder when g is divided by 54.
16
Let z = -1395 - -1398. What is the remainder when 255 is divided by z?
0
Let w = -102 + 282. Calculate the remainder when 5 is divided by w/54 - 1/3.
2
What is the remainder when 7 is divided by (-1 - 2) + 2 - -5?
3
Let l = 133 - 63. Let y = 112 - l. Suppose 0 = -4*p + 3*i + 12 + 12, 2*p - i - 14 = 0. Calculate the remainder when y is divided by p.
6
Let z(i) = i**3 - 48*i**2 - i + 55. Calculate the remainder when 264 is divided by z(48).
5
Suppose -9*g + 15 + 3 = 0. What is the remainder when 3*(-1)/g*140/(-6) is divided by 13?
9
Let r(b) = 13*b - 27. Let c(l) = -12*l + 27. Let w(a) = -3*c(a) - 2*r(a). Calculate the remainder when w(4) is divided by 3.
1
Suppose -3*v - 232 = -5*y, -v = 5*y + v - 212. Suppose -3*i = -7*i + y. Calculate the remainder when i is divided by 5.
1
Let r = 9 + -10. Let o = r - -4. Suppose t = 3*b + 1 - o, b = 2*t - 1. What is the remainder when 3 is divided by t?
0
Let c(a) = -3*a - 2. Let o = -9 + 11. Suppose 25 = o*b - 5. Calculate the remainder when c(-10) is divided by b.
13
Let s = 110 + -25. Let y = -75 + s. Calculate the remainder when 46 is divided by y.
6
What is the remainder when (3 + 63/(-18))/(3/(-2820)) is divided by 43?
40
Let x = 10 + -7. Suppose 0 = -8*p + x*p + 55. Calculate the remainder when 41 is divided by p.
8
Let i(j) be the second derivative of j**4/4 + j**3/3 - 15*j**2/2 + 6*j. Calculate the remainder when i(4) is divided by 15.
11
Suppose 4*j - 68 = 3*s, -j + 4 = s - 6. Suppose j*y - 364 = y. What is the remainder when y is divided by 6?
4
Calculate the remainder when 65 is divided by 30/2 + (-7)/14*2.
9
Let l = 407 + -397. What is the remainder when 158 is divided by l?
8
Let q(c) = -5*c**3 + 6*c**2 + 49*c + 5. What is the remainder when q(-8) is divided by 16?
13
Let r(z) = -z**2 + 5*z + 17. What is the remainder when 98 is divided by r(0)?
13
Suppose 4*f - 2*f = 30. Let c = 26 + f. Calculate the remainder when c is divided by 14.
13
Suppose 0*h = 4*h - 20. Suppose -h*w - 4*o + 115 = o, 0 = -2*w - o + 42. Calculate the remainder when 45 is divided by (w + 5)/(0 - -1).
21
Suppose -2*y - 2*y - 4*z + 64 = 0, 2*y - 24 = 2*z. What is the remainder when 50 is divided by y?
8
Suppose -4*p + 21 = -3*p. Suppose 3*t + 2*f + 2*f - 251 = 0, -2*t + 5*f = -152. Calculate the remainder when t is divided by p.
18
Let h = -16 + 100. Calculate the remainder when h is divided by 321/11 + (-4)/22.
26
Suppose -4*a + 142 = 4*r + 34, -4*a = -3*r + 74. What is the remainder when r is divided by (5*-1)/(-1 - 0)?
1
Calculate the remainder when 1 + (-1)/(-2) + (-2595)/(-30) is divided by 76.
12
Let h = -28 - -58. Let d = -8 - -9. Calculate the remainder when 118 + 4/2 + d + -3 is divided by h.
28
Suppose 40 = 13*c - 5*c. Suppose -22 = -u - d, u = 2*u - c*d - 4. Let p(h) = -h + 6. What is the remainder when u is divided by p(-5)?
8
Suppose 3*h + 7*p - 2*p - 136 = 0, -5*p = -10. Calculate the remainder when 104 is divided by h.
20
Let f = -320 + 325. Suppose 0 = -0*p + 5*p - 195. Calculate the remainder when p is divided by f.
4
Suppose -3*m = -4*i + 207, 8*m - 10*m - 104 = -2*i. Calculate the remainder when i is divided by 30.
21
Suppose 0 = -12*g + 18*g - 1494. Let k = 407 - g. Calculate the remainder when k is divided by 40.
38
Let l be 1/(4/8 + -3)*-5. Suppose -2*j - x = -247 + 30, l*j = -5*x + 197. What is the remainder when j is divided by 19?
16
Suppose -47*a + 40*a = -35567. Suppose -a = -23*z - 1470. Calculate the remainder when z is divided by 41.
34
Let y(x) = x**2 - 14*x - 11. Let d be y(15). Let t be 2 + -1 - (-1 + d). Calculate the remainder when 31 is divided by (-22)/t + -3 + 3.
9
Let s(h) = -h**3 + 4*h**2 + 3*h + 12. Let i(r) = 2*r**3 - 3*r**2 - 2*r - 11. Let x(k) = -2*i(k) - 3*s(k). What is the remainder when 45 is divided by x(-6)?
13
Calculate the remainder when 14 is divided by (-18)/(-1)*-8*(-7)/112.
5
Let l = 40 - 85. Let t = l - -78. Calculate the remainder when t is divided by 4 - (-10 - -6 - (9 + 1)).
15
Let w = 134 + -107. Calculate the remainder when w is divided by 24.
3
Suppose -3*d + 43 = 4*f, 127*f = 2*d + 122*f + 2. Suppose -g - 24 = -3*g. Calculate the remainder when g is divided by d.
3
Let u(x) = -x**2 + 10*x - 3. Let y be u(9). Let a(i) = -i - 2. Calculate the remainder when (4/y)/(2/33) is divided by a(-5).
2
Let h = -271 + 194. Let q = h + 141. What is the remainder when q is divided by 22?
20
What is the remainder when 242/6 - 4/(-6) is divided by (15/30 - 2)*22/(-3)?
8
Let x(k) = -2*k - 15. Let d(o) = -o**3 + 9*o**2 + 9*o - 3. Let p be d(10). What is the remainder when x(p) is divided by 1 + (-2 - -7) + -2?
3
Let s(x) be the second derivative of -x**5/20 - x**4/6 + 5*x**3/6 + 5*x**2 + 20*x. What is the remainder when s(-4) is divided by 13?
9
Let j(b) = -b**3 - 8*b**2 - 11*b + 12. Calculate the remainder when 113 is divided by j(-7).
33
Let f = 828 - 817. Calculate the remainder when f is divided by 1.
0
Let y = -1 + 11. Let k(p) = -3*p + 37. Let v be k(-23). Suppose 3*t = -5*w + v, 4*t - 3*w - 2*w - 153 = 0. Calculate the remainder when t is divided by y.
7
Suppose 0 = 17*g - 26*g + 1548. Calculate the remainder when g is divided by 59.
54
Suppose 0*g - 4*g - c + 238 = 0, 2*c = -3*g + 176. Calculate the remainder when 207 is divided by g.
27
Let t = 4 - 10. Let f(m) = -m**3 - 7*m**2 - 7*m - 8. Let r be f(t). Let q = r - -22. Calculate the remainder when q is divided by 7.
6
Let m(w) = -w**3 - 16*w**2 - w + 10. Let z be m(-16). Suppose -500 + z = -6*k. What is the remainder when k is divided by 27?
25
Let y be 7 - 9/((-9)/4). Let d(r) = -r**3 + 13*r**2 - 13*r - 13. Calculate the remainder when d(y) is divided by 30.
26
Let b(n) = -43*n + 90. Let y(g) = 64*g - 135. Let t(s) = -8*b(s) - 5*y(s). What is the remainder when t(7) is divided by 31?
30
Suppose 20*y - 715 = -35*y. Let t be 3/(2*(-1)/2). Let a = 1 - t. Calculate the remainder when y is divided by a.
1
Let g be -4*5/15*-3. Suppose 0*s = g*s - 284. What is the remainder when s is divided by 19?
14
Let p = 1217 + -1204. Calculate the remainder when p is divided by 8.
5
Let y(g) = -4*g - 7. Let i be y(-3). Suppose -4*k + 2*d = i*d - 369, 5*k = 2*d + 444. What is the remainder when k is divided by 23?
21
Let l(q) = q**3 + q**2 + q - 1. Let u(k) = 7*k**3 - 6*k**2 + 7*k - 15. Let j(d) = -5*l(d) + u(d). Calculate the remainder when j(6) is divided by 6.
2
Suppose -p + 2*b = -115, -3*p + 3*b - 78 = -435. What is the remainder when p is divided by 16?
11
Suppose 4*v - 864 = -2*z + 44, 2*z - 227 = -v. Calculate the remainder when v is divided by 19.
18
Suppose -4*d + 1613 = 3*x, -7 + 4 = -x. What is the remainder when d is divided by 13?
11
Suppose 51*z = 46*z + 35. What is the remainder when 132 is divided by z?
6
Let j = -481 + 490. What is the remainder when 188 is divided by j?
8
Let n(i) be the third derivative of -i**5/60 - i**4/24 + 3*i**3/2 - 12*i**2. Let r be n(-4). What is the remainder when 7 is divided by 6/r*(-10)/4?
2
Let c be (-30)/9*1*-12. Let g = c - 33. Calculate the remainder when g is divided by 3.
1
Let o = 29 + 111. Suppose 77 = 4*a + g + 41, -3*a + 4*g + 8 = 0. Calculate the remainder when ((-6)/(-4))/(15/o) is divided by a.
6
Suppose 227 = 20*x - 93. What is the remainder when 111 is divided by x?
15
Suppose 3*d - 6*a + 2*a = 47, -4*d + 96 = 3*a. Calculate the remainder when 165 is divided by d.
18
Suppose 6*n - 31 = 23. Let v = -3 + 3. Calculate the remainder when (-2)/(v + 1/(-17)) is divided by n.
7
Suppose -8*v = 27 - 427. What is the remainder when v is divided by 26?
24
Let j(f) = f + 13. Let z(c) = -6*c + 5. Let w be z(2). Calculate the re